be (-6)/(-4)*2/1. Let i be 25/2 - k/6. What is the greatest common factor of u and i?
6
Let f(t) = t**2 + 5*t + 1. Suppose 0 = 2*g + 2*g + 32. Let j be f(g). Suppose -j - 20 = -5*a. Calculate the greatest common divisor of a and 36.
9
Suppose -3*g + 47 = -85. Calculate the greatest common factor of 33 and g.
11
Suppose 205 = 3*p - 158. Suppose 5*v + 1 = -44. Let n = 2 - v. Calculate the highest common divisor of n and p.
11
Suppose h = -3*u + 11, u - 5*h = -u - 4. Suppose 0 = 4*f - 3*s - s - 80, -6 = u*s. Calculate the greatest common factor of f and 45.
9
Let p be (-7)/5*(-5 + -30). What is the greatest common divisor of p and 14?
7
Let y(m) = 7*m - 3*m + 2*m + m**2 - 12. Let t be y(-9). Calculate the greatest common factor of t and 75.
15
Let y = -13 - -26. Calculate the greatest common factor of y and 104.
13
Suppose 4*w = -0*w + d + 624, 2*w - 330 = 5*d. Suppose -11 = 3*q - w. What is the highest common divisor of 72 and q?
24
Let c(w) = w**3 - 4*w**2 - w - 7. Let y be c(5). Let p be (468/y)/((-3)/(-4)). What is the greatest common factor of 6 and p?
6
Let h be (0 + 6)/(8/68). Calculate the highest common factor of 34 and h.
17
Suppose -5*z + 52 = 2. Let k = z + -3. What is the greatest common factor of 14 and k?
7
Suppose 0 = 2*i + x - 117, i - 5*x = -i + 111. Calculate the highest common divisor of 580 and i.
58
Suppose 4*o = -b - 15, -3*o - 35 = -5*b + 5. Calculate the greatest common factor of b and 35.
5
Suppose -3*o - 2*o = -35. Suppose 2*c + 115 = o*c. Suppose 2*l - c - 21 = 0. Calculate the highest common divisor of l and 33.
11
Suppose -2 = -3*b + 4. Suppose -g - 3*a - 11 = 0, -3*g + 0*a + 22 = -b*a. Calculate the highest common divisor of 16 and g.
4
Let v = -1 - -1. Let j = 5 - v. What is the highest common factor of 20 and j?
5
Let q(o) = -o**3 - 8*o**2 + 9*o - 2. Let x(v) = -4*v - 1. Let k be x(2). Let b be q(k). Let u = 4 + b. Calculate the greatest common divisor of u and 4.
2
Let q be 636/42 + 2/(-14). What is the highest common divisor of q and 60?
15
Let m = 3 - 1. Let c be m/2*495 + 3. Suppose 3*n - c = 3*l, 3*l = -3*n + 7*l + 493. Calculate the greatest common factor of n and 19.
19
Let h = 1 + -1. Suppose -6*d + d + 135 = h. Let o be d/21 + (-4)/14. What is the greatest common factor of 2 and o?
1
Let x be (315/(-20))/((-2)/(-8)). Let g be x/18*(-4)/2. Suppose -2*t = t - 21. Calculate the greatest common divisor of t and g.
7
Let z = 11 - 8. Let c(r) = r**3 + 3*r**2 + 3*r + 2. Let v be c(z). What is the greatest common factor of 13 and v?
13
Suppose 0 = 4*c - 2*i - 902, -3*c - 2*i = i - 672. What is the highest common divisor of 25 and c?
25
Suppose -4*u + o = 10, -3*u + 4 = -0*u + 5*o. Let p = 5 + u. Let m(q) = 11*q + 3. Let y be m(p). Calculate the greatest common divisor of y and 18.
18
Suppose x + x - 10 = 0. Let m(b) = 4*b**3 + 5 + 5*b - b**3 - 2*b**3 - 4*b**2. Let q be m(x). Calculate the greatest common divisor of 22 and q.
11
Suppose 5*b = -1 - 4. Let h = 3 + b. Calculate the greatest common factor of h and 6.
2
Let d be (4 - (0 - 2))*(-2)/(-1). Calculate the highest common divisor of 90 and d.
6
Let f = 22 + -9. Let d(c) = -148*c - 7. Let r(z) = -443*z - 20. Let y(m) = 17*d(m) - 6*r(m). Let a be y(1). Calculate the greatest common divisor of a and f.
13
Suppose 11 = p - 3. Suppose -p = -5*g + 21. Suppose -5*d + 8 = -v - 0*v, -2*d + 2*v + 8 = 0. Calculate the greatest common divisor of d and g.
1
Suppose 7 + 8 = -5*d. Let t = 5 + d. Suppose -n = -t*n - 4*h + 153, 4*n - 5*h - 675 = 0. What is the greatest common divisor of n and 15?
15
Let r be -105*(0 + -1) + -1. Let i be 0*(-1 - -4)/(-6). Suppose 3*a - o = 43, -4*a + i*o = 5*o - 32. Calculate the highest common divisor of a and r.
13
Suppose 3*j = 5*k - k + 33, -2*k - 69 = -5*j. Let q be 6*-1 + (-2)/1. Let b be (-723)/(-12) + 2/q. What is the greatest common factor of j and b?
15
Suppose 18 = -3*x + 108. What is the highest common factor of x and 15?
15
Let t be (-5)/(-1*2/20). Let o = 61 - -14. What is the highest common factor of o and t?
25
Suppose l + 60 = o + 5*l, -l = -5*o + 216. Suppose -q - q + o = 0. Let g = q + 55. What is the highest common divisor of 11 and g?
11
Let n be (-16*(5 - 6))/1. Suppose 0 = -5*v + 20 + 5. Suppose 4*h + 3*s = 49, 5*h - 50 = -v*s + 5. What is the highest common divisor of h and n?
16
Suppose -3*n + 30 = 2*n. Let l(p) = p**2 - 3*p - 4. Let z be l(n). Suppose -y + 35 = i - 3*y, 2*i = -y + 70. What is the greatest common divisor of i and z?
7
Suppose 0 = -z - 3*c - 1 + 2, 5*c = 5*z - 25. Let u = -21 - -24. Suppose -u*l + 58 - z = 0. What is the greatest common factor of 27 and l?
9
Suppose 5*y - 79 + 9 = 0. Calculate the greatest common divisor of y and 154.
14
Let m = 1 + 1. Suppose 0*w + 6 = m*w. Suppose 0 = -5*v + 2*s + 350, -340 = -5*v + w*s + s. What is the highest common factor of v and 9?
9
Suppose -4*s - 30 = -110. Let j be (40/56)/((-1)/(-7)). What is the greatest common divisor of j and s?
5
Let v(j) = j**3 - 6*j**2 + 7*j + 16. Let f be v(7). What is the greatest common factor of 152 and f?
38
Let f = 16 - -16. Calculate the highest common factor of 80 and f.
16
Let c(y) = -y**2 + 11*y - 4 - 7 + 2. Let q be c(8). Let o(f) = f**3 - 2*f**2 - f + 4. Let i be o(3). What is the highest common divisor of q and i?
5
Suppose 40 + 5 = 5*m. Let y(f) = -f**2 + 9*f + 13. Let h be y(m). What is the greatest common factor of 26 and h?
13
Let u = 29 + -17. Suppose 0 = -2*a + r - 3, -a + 0*a - 3 = r. Let o(n) = -17*n + 2. Let x be o(a). What is the greatest common divisor of x and u?
12
Let s be (-60)/18*(-18)/10. Suppose 2*g = -5*h + 49, 0 = -4*h - 4*g + 62 - 18. Let c be (7 + s)*1*h. Calculate the highest common divisor of 13 and c.
13
Let p be 1/((-4 - -2)/(-4)). Suppose -p*b = b - 4*d - 331, 0 = b - d - 110. Let n = 61 + b. What is the highest common factor of 17 and n?
17
Let a = 44 + 56. Let s = 50 - a. Let w = -17 - s. Calculate the greatest common divisor of w and 3.
3
Let j(g) = 8*g + 8. Let m be j(5). Let c be 15/6 - (-2)/4. Suppose -7 - 24 = -c*f - l, -51 = -3*f + 3*l. Calculate the greatest common factor of f and m.
12
Suppose 0 = 7*l - 4*l - 99. What is the greatest common divisor of 22 and l?
11
Let r be 81/(1/(-1) + 2). Suppose 0 = -4*m + r + 19. Let n = -21 + 31. Calculate the greatest common factor of n and m.
5
Let m be ((-4)/(-10))/((-3)/(-75)). What is the greatest common factor of m and 2?
2
Suppose 0 = -c - c + 198. Suppose -62 = -6*x + 4. Let q = c - x. What is the highest common divisor of q and 11?
11
Let z(v) = 31*v**2 - 3*v - 5. Let t be z(4). Suppose -t = -5*s + 126. Calculate the greatest common divisor of s and 11.
11
Let w be ((-2)/(-4))/((-1)/(-6)). Suppose -w*z + 6 = v, -2*z + 6 = z - 2*v. What is the greatest common factor of 22 and z?
2
Suppose -3*d + 0*p = 5*p - 18, 3*d = 5*p + 48. Let s(t) = -t**3 + 6*t**2 + 1. Let z be s(6). Calculate the greatest common divisor of d and z.
1
Suppose -10 = -2*f + 8. Suppose -4*g + 92 + 16 = 0. What is the greatest common divisor of g and f?
9
Suppose -d = 2*d + 9. Let w = 10 + d. What is the highest common factor of 7 and w?
7
Let s(b) = 2*b**2 + 8*b + 7. Let u be s(-6). Let z(h) = -h**2 + 10*h + 7. Let d be z(10). Suppose r = -d + u. Calculate the greatest common factor of 60 and r.
12
Let h(o) = -o**2 - 3*o + 16. Let s be h(-5). Calculate the greatest common factor of s and 96.
6
Let n = -49 + 102. Suppose -5*c + 3*s = 57, -4*c + 0*s - 5*s = n. Let v be c/(-20) + 42/5. What is the highest common divisor of v and 99?
9
Let p(w) = -w. Let m be p(-14). Let h(q) = 5*q - 7. Let r = 10 + -3. Let l be h(r). What is the greatest common factor of l and m?
14
Let p(n) = 2*n + 68. Let i be p(-20). What is the highest common divisor of i and 35?
7
Suppose 5*u = -2*f + 1 - 4, 9 = -f - 4*u. Let o = 15 - f. What is the highest common divisor of 20 and o?
4
Suppose -4 = -3*r + r. Let y(d) = -5*d - 5 + 2*d**2 - 3*d - 3*d**2. Let b be y(-7). Calculate the greatest common divisor of b and r.
2
Let g be (-12)/(-6*1/(-16)). Let o be ((-1)/2 - 0)*g. Calculate the highest common divisor of o and 16.
16
Let z = 27 - -9. What is the greatest common factor of z and 4?
4
Suppose -3*z + 2*z - 48 = 0. Let b be z/(-4)*1*1. Calculate the highest common factor of 96 and b.
12
Suppose i 